{"id":482,"date":"2021-03-27T04:20:35","date_gmt":"2021-03-27T03:20:35","guid":{"rendered":"http:\/\/oteelo.com\/index.php\/home\/"},"modified":"2022-02-23T23:56:07","modified_gmt":"2022-02-23T22:56:07","slug":"oteelo-agence-digitale-nantesnous-developpons-votre-site-internet-pour-booster-votre-visibilite-ainsi-que-vos-applications-web-et-mobiles","status":"publish","type":"page","link":"https:\/\/oteelo.com\/","title":{"rendered":"Home"},"content":{"rendered":"\n<div class=\"wp-block-cover alignfull is-light\" style=\"min-height:775px\"><span aria-hidden=\"true\" class=\"has-background-dim-100 wp-block-cover__gradient-background has-background-dim has-background-gradient\" style=\"background:linear-gradient(50deg,rgb(7,1,143) 0%,rgb(132,4,206) 100%)\"><\/span><div class=\"wp-block-cover__inner-container\">\n<div class=\"is-layout-flow wp-block-group alignwide\"><div class=\"wp-block-group__inner-container\">\n<div class=\"wp-block-media-text alignwide has-media-on-the-right is-stacked-on-mobile is-vertically-aligned-center\" style=\"grid-template-columns:auto 45%\"><figure class=\"wp-block-media-text__media\"><img decoding=\"async\" src=\"https:\/\/oteelo.com\/wp-content\/uploads\/2021\/04\/wporg-astra.svg\" alt=\"\" class=\"wp-image-158 size-full\"\/><\/figure><div class=\"wp-block-media-text__content\">\n<h5 class=\"has-text-align-left has-white-color has-text-color\" id=\"codez-vos-idees\" style=\"font-size:90px\"><strong>Codez vos id\u00e9es!<\/strong><\/h5>\n\n\n\n<p><\/p>\n\n\n\n<div class=\"is-layout-flex wp-block-buttons\">\n<div class=\"wp-block-button\" id=\"contactez-nous\"><a class=\"wp-block-button__link has-ast-global-color-5-background-color has-text-color has-background\" href=\"https:\/\/oteelo.com\/index.php\/contactez-nous\/\" style=\"color:#ff6000\">Je lance mon projet web !<\/a><\/div>\n<\/div>\n\n\n\n<p><\/p>\n\n\n\n<div style=\"height:1px\" aria-hidden=\"true\" class=\"wp-block-spacer\"><\/div>\n<\/div><\/div>\n<\/div><\/div>\n<\/div><\/div>\n\n\n\n<div class=\"is-layout-flow wp-block-group alignfull has-ast-global-color-5-background-color has-background\"><div class=\"wp-block-group__inner-container\"><\/div><\/div>\n\n\n\n<div class=\"is-layout-flex wp-container-6 wp-block-columns\">\n<div class=\"is-layout-flow wp-block-column\">\n<figure class=\"wp-block-image size-large\"><img decoding=\"async\" loading=\"lazy\" width=\"1024\" height=\"576\" src=\"https:\/\/oteelo.com\/wp-content\/uploads\/2022\/02\/Sans-titre-11-1-1024x576.png\" alt=\"\" class=\"wp-image-675\" srcset=\"https:\/\/oteelo.com\/wp-content\/uploads\/2022\/02\/Sans-titre-11-1-1024x576.png 1024w, https:\/\/oteelo.com\/wp-content\/uploads\/2022\/02\/Sans-titre-11-1-300x169.png 300w, https:\/\/oteelo.com\/wp-content\/uploads\/2022\/02\/Sans-titre-11-1-768x432.png 768w, https:\/\/oteelo.com\/wp-content\/uploads\/2022\/02\/Sans-titre-11-1-1536x864.png 1536w, https:\/\/oteelo.com\/wp-content\/uploads\/2022\/02\/Sans-titre-11-1.png 1920w\" sizes=\"(max-width: 1024px) 100vw, 1024px\" \/><\/figure>\n<\/div>\n\n\n\n<div class=\"is-layout-flow wp-block-column\">\n<figure class=\"wp-block-image size-large\"><img decoding=\"async\" loading=\"lazy\" width=\"1024\" height=\"576\" src=\"https:\/\/oteelo.com\/wp-content\/uploads\/2022\/02\/Sans-titre-12-1024x576.png\" alt=\"\" class=\"wp-image-676\" srcset=\"https:\/\/oteelo.com\/wp-content\/uploads\/2022\/02\/Sans-titre-12-1024x576.png 1024w, https:\/\/oteelo.com\/wp-content\/uploads\/2022\/02\/Sans-titre-12-300x169.png 300w, https:\/\/oteelo.com\/wp-content\/uploads\/2022\/02\/Sans-titre-12-768x432.png 768w, https:\/\/oteelo.com\/wp-content\/uploads\/2022\/02\/Sans-titre-12-1536x864.png 1536w, https:\/\/oteelo.com\/wp-content\/uploads\/2022\/02\/Sans-titre-12.png 1920w\" sizes=\"(max-width: 1024px) 100vw, 1024px\" \/><\/figure>\n<\/div>\n<\/div>\n\n\n\n<div style=\"height:95px\" aria-hidden=\"true\" class=\"wp-block-spacer\"><\/div>\n\n\n\n<h2 class=\"has-ast-global-color-2-color has-text-color has-x-large-font-size\" id=\"nos-services\"><strong>Nos Services<\/strong><\/h2>\n\n\n\n<div style=\"height:49px\" aria-hidden=\"true\" class=\"wp-block-spacer\"><\/div>\n\n\n\n<p id=\"creation-et-amelioration-de-sites-internet\" style=\"font-size:25px\"><strong>Cr\u00e9ation et am\u00e9lioration de sites internet<\/strong><\/p>\n\n\n\n<p>Nous vous accompagnons de la r\u00e9daction du cahier des charges au r\u00e9f\u00e9rencement de votre site. Qu\u2019il s\u2019agisse d\u2019un site e-commerce, d\u2019un site vitrine, d\u2019un extranet ou encore d\u2019un intranet nous le cr\u00e9ons en accord avec vos besoins et vos objectifs.<\/p>\n\n\n\n<p class=\"has-text-align-left\">Nous garantissons: <\/p>\n\n\n\n<p><\/p>\n\n\n\n<div class=\"is-layout-flex wp-container-12 wp-block-columns\">\n<div class=\"is-layout-flow wp-block-column\">\n<div class=\"is-layout-flex wp-container-10 wp-block-columns\">\n<div class=\"is-layout-flow wp-block-column\">\n<h5 class=\"has-text-align-center\" id=\"referencement\">R\u00e9f\u00e9rencement<\/h5>\n\n\n\n<div class=\"wp-block-image\"><figure class=\"aligncenter size-full is-resized\"><img decoding=\"async\" loading=\"lazy\" src=\"https:\/\/oteelo.com\/wp-content\/uploads\/2022\/02\/Sans-titre-2.png\" alt=\"\" class=\"wp-image-642\" width=\"222\" height=\"222\" srcset=\"https:\/\/oteelo.com\/wp-content\/uploads\/2022\/02\/Sans-titre-2.png 500w, https:\/\/oteelo.com\/wp-content\/uploads\/2022\/02\/Sans-titre-2-300x300.png 300w, https:\/\/oteelo.com\/wp-content\/uploads\/2022\/02\/Sans-titre-2-150x150.png 150w\" sizes=\"(max-width: 222px) 100vw, 222px\" \/><\/figure><\/div>\n<\/div>\n\n\n\n<div class=\"is-layout-flow wp-block-column\">\n<h5 class=\"has-text-align-center\" id=\"evolutivite\">Evolutivit\u00e9<\/h5>\n\n\n\n<div class=\"wp-block-image\"><figure class=\"aligncenter size-full is-resized\"><img decoding=\"async\" loading=\"lazy\" src=\"https:\/\/oteelo.com\/wp-content\/uploads\/2022\/02\/Sans-titre-1-1.png\" alt=\"\" class=\"wp-image-643\" width=\"204\" height=\"204\" srcset=\"https:\/\/oteelo.com\/wp-content\/uploads\/2022\/02\/Sans-titre-1-1.png 500w, https:\/\/oteelo.com\/wp-content\/uploads\/2022\/02\/Sans-titre-1-1-300x300.png 300w, https:\/\/oteelo.com\/wp-content\/uploads\/2022\/02\/Sans-titre-1-1-150x150.png 150w\" sizes=\"(max-width: 204px) 100vw, 204px\" \/><\/figure><\/div>\n<\/div>\n\n\n\n<div class=\"is-layout-flow wp-block-column\">\n<h5 class=\"has-text-align-center\" id=\"maintenance\">Maintenance<\/h5>\n\n\n\n<div class=\"wp-block-image\"><figure class=\"aligncenter size-full is-resized\"><img decoding=\"async\" loading=\"lazy\" src=\"https:\/\/oteelo.com\/wp-content\/uploads\/2022\/02\/Sans-titre-2-1.png\" alt=\"\" class=\"wp-image-644\" width=\"196\" height=\"196\" srcset=\"https:\/\/oteelo.com\/wp-content\/uploads\/2022\/02\/Sans-titre-2-1.png 500w, https:\/\/oteelo.com\/wp-content\/uploads\/2022\/02\/Sans-titre-2-1-300x300.png 300w, https:\/\/oteelo.com\/wp-content\/uploads\/2022\/02\/Sans-titre-2-1-150x150.png 150w\" sizes=\"(max-width: 196px) 100vw, 196px\" \/><\/figure><\/div>\n<\/div>\n<\/div>\n<\/div>\n<\/div>\n\n\n\n<div class=\"is-layout-flex wp-container-16 wp-block-columns\">\n<div class=\"is-layout-flow wp-block-column\">\n<p class=\"has-text-align-center\">Un site internet sans bon r\u00e9f\u00e9rencement c\u2019est une bouteille \u00e0 la mer&nbsp;! Au premier stade de d\u00e9veloppement nous pr\u00eatons une attention particuli\u00e8re au r\u00e9f\u00e9rencement naturel en s\u2019attachant \u00e0 r\u00e9diger des liens et du contenu impactant&nbsp;: Des titres pertinents, des mots-cl\u00e9s simples et des URL claires<\/p>\n<\/div>\n\n\n\n<div class=\"is-layout-flow wp-block-column\">\n<p class=\"has-text-align-center\">Notre objectif apr\u00e8s le lancement de votre site est de vous laisser une compl\u00e8te autonomie dans son \u00e9volution que ce soit pour la mise \u00e0 jour du contenu ou la cr\u00e9ation de nouvelles pages.<\/p>\n<\/div>\n\n\n\n<div class=\"is-layout-flow wp-block-column\">\n<p class=\"has-text-align-center\">Nous veillons \u00e0 ce que votre site soit constamment \u00e0 jour, s\u00e9curis\u00e9 et fonctionnel<\/p>\n\n\n\n<p class=\"has-text-align-center\">Un coup de fil est nous prenons en charge votre demande. Qu\u2019il s\u2019agisse de g\u00e9rer un bug, un changement d\u2019h\u00e9bergement ou une \u00e9volution.<\/p>\n<\/div>\n<\/div>\n\n\n\n<div style=\"height:66px\" aria-hidden=\"true\" class=\"wp-block-spacer\"><\/div>\n\n\n\n<h5 id=\"quel-que-soit-votre-projet-nous-le-gerons\"><em>Quel que soit votre projet nous le g\u00e9rons <\/em>!<\/h5>\n\n\n\n<div style=\"height:42px\" aria-hidden=\"true\" class=\"wp-block-spacer\"><\/div>\n\n\n\n<div class=\"is-layout-flex wp-container-21 wp-block-columns\">\n<div class=\"is-layout-flow wp-block-column\">\n<div class=\"wp-block-image\"><figure class=\"aligncenter size-full is-resized\"><img decoding=\"async\" loading=\"lazy\" src=\"https:\/\/oteelo.com\/wp-content\/uploads\/2021\/05\/local-business.svg\" alt=\"\" class=\"wp-image-198\" width=\"139\" height=\"114\"\/><figcaption> Site Vitrine<\/figcaption><\/figure><\/div>\n<\/div>\n\n\n\n<div class=\"is-layout-flow wp-block-column\">\n<div class=\"wp-block-image\"><figure class=\"aligncenter size-full is-resized\"><img decoding=\"async\" loading=\"lazy\" src=\"https:\/\/oteelo.com\/wp-content\/uploads\/2021\/05\/cart.svg\" alt=\"\" class=\"wp-image-202\" width=\"132\" height=\"119\"\/><figcaption>    Site ecommerce<\/figcaption><\/figure><\/div>\n<\/div>\n\n\n\n<div class=\"is-layout-flow wp-block-column\">\n<div class=\"wp-block-image\"><figure class=\"aligncenter size-full is-resized\"><img decoding=\"async\" loading=\"lazy\" src=\"https:\/\/oteelo.com\/wp-content\/uploads\/2021\/05\/services-1.svg\" alt=\"\" class=\"wp-image-209\" width=\"100\" height=\"115\"\/><figcaption>  Site Corporate<\/figcaption><\/figure><\/div>\n<\/div>\n\n\n\n<div class=\"is-layout-flow wp-block-column\">\n<div class=\"wp-block-image\"><figure class=\"aligncenter size-full is-resized\"><img decoding=\"async\" loading=\"lazy\" src=\"https:\/\/oteelo.com\/wp-content\/uploads\/2021\/05\/blog.svg\" alt=\"\" class=\"wp-image-205\" width=\"104\" height=\"120\"\/><figcaption>  Blog<\/figcaption><\/figure><\/div>\n<\/div>\n<\/div>\n\n\n\n<h3 id=\"developpement-d-applications-web-et-mobiles\" style=\"font-size:25px\">D\u00e9veloppement d\u2019applications web et mobiles<\/h3>\n\n\n\n<div style=\"height:36px\" aria-hidden=\"true\" class=\"wp-block-spacer\"><\/div>\n\n\n\n<p>Nous concevons et d\u00e9veloppons des applications web et mobiles qui r\u00e9pondent parfaitement \u00e0 vos besoins m\u00e9tiers et vos probl\u00e9matiques techniques ou business.<\/p>\n\n\n\n<p>L\u00e0 aussi nous g\u00e9rons votre demande de A \u00e0 Z&nbsp;: D\u00e9finition du besoin et \u00e9laboration du cahier des charges, maquettage de l\u2019application avec l\u2019\u00e9quipe UX\/UI, d\u00e9veloppement, lancement et bien s\u00fbr maintenance.<\/p>\n\n\n\n<p>Nous garantissons&nbsp;:<\/p>\n\n\n\n<div style=\"height:23px\" aria-hidden=\"true\" class=\"wp-block-spacer\"><\/div>\n\n\n\n<div class=\"wp-block-media-text alignwide is-stacked-on-mobile\" style=\"grid-template-columns:25% auto\"><figure class=\"wp-block-media-text__media\"><img decoding=\"async\" loading=\"lazy\" width=\"1024\" height=\"576\" src=\"https:\/\/oteelo.com\/wp-content\/uploads\/2022\/02\/Sans-titre-13-1024x576.png\" alt=\"\" class=\"wp-image-684 size-full\" srcset=\"https:\/\/oteelo.com\/wp-content\/uploads\/2022\/02\/Sans-titre-13-1024x576.png 1024w, https:\/\/oteelo.com\/wp-content\/uploads\/2022\/02\/Sans-titre-13-300x169.png 300w, https:\/\/oteelo.com\/wp-content\/uploads\/2022\/02\/Sans-titre-13-768x432.png 768w, https:\/\/oteelo.com\/wp-content\/uploads\/2022\/02\/Sans-titre-13-1536x864.png 1536w, https:\/\/oteelo.com\/wp-content\/uploads\/2022\/02\/Sans-titre-13.png 1920w\" sizes=\"(max-width: 1024px) 100vw, 1024px\" \/><\/figure><div class=\"wp-block-media-text__content\">\n<p><strong>Une interface utilisateur optimale <\/strong><\/p>\n\n\n\n<p>Notre r\u00e9flexion est centr\u00e9e sur l&rsquo;utilisateur afin de permettre une perception optimale de votre application et ainsi assurer son d\u00e9ploiement.<\/p>\n<\/div><\/div>\n\n\n\n<div style=\"height:61px\" aria-hidden=\"true\" class=\"wp-block-spacer\"><\/div>\n\n\n\n<div class=\"wp-block-media-text alignwide is-stacked-on-mobile\" style=\"grid-template-columns:25% auto\"><figure class=\"wp-block-media-text__media\"><img decoding=\"async\" loading=\"lazy\" width=\"1024\" height=\"576\" src=\"https:\/\/oteelo.com\/wp-content\/uploads\/2022\/02\/Sans-titre-14-1024x576.png\" alt=\"\" class=\"wp-image-685 size-full\" srcset=\"https:\/\/oteelo.com\/wp-content\/uploads\/2022\/02\/Sans-titre-14-1024x576.png 1024w, https:\/\/oteelo.com\/wp-content\/uploads\/2022\/02\/Sans-titre-14-300x169.png 300w, https:\/\/oteelo.com\/wp-content\/uploads\/2022\/02\/Sans-titre-14-768x432.png 768w, https:\/\/oteelo.com\/wp-content\/uploads\/2022\/02\/Sans-titre-14-1536x864.png 1536w, https:\/\/oteelo.com\/wp-content\/uploads\/2022\/02\/Sans-titre-14.png 1920w\" sizes=\"(max-width: 1024px) 100vw, 1024px\" \/><\/figure><div class=\"wp-block-media-text__content\">\n<p><strong>Sur mesure<\/strong><\/p>\n\n\n\n<p>Nous r\u00e9alisons <strong>VOTRE<\/strong> application en nous adaptant \u00e0 votre besoin, vos souhaits et votre budget.<\/p>\n<\/div><\/div>\n\n\n\n<div style=\"height:68px\" aria-hidden=\"true\" class=\"wp-block-spacer\"><\/div>\n\n\n\n<div class=\"is-layout-flex wp-block-buttons\"><\/div>\n","protected":false},"excerpt":{"rendered":"<p>Nos Services Cr\u00e9ation et am\u00e9lioration de sites internet Nous vous accompagnons de la r\u00e9daction du cahier des charges au r\u00e9f\u00e9rencement de votre site. Qu\u2019il s\u2019agisse d\u2019un site e-commerce, d\u2019un site vitrine, d\u2019un extranet ou encore d\u2019un intranet nous le cr\u00e9ons en accord avec vos besoins et vos objectifs. Nous garantissons: R\u00e9f\u00e9rencement Evolutivit\u00e9 Maintenance Un site &hellip;<\/p>\n<p class=\"read-more\"> <a class=\"\" href=\"https:\/\/oteelo.com\/\"> <span class=\"screen-reader-text\">Home<\/span> Lire la suite\u00a0\u00bb<\/a><\/p>\n","protected":false},"author":1,"featured_media":0,"parent":0,"menu_order":0,"comment_status":"closed","ping_status":"closed","template":"","meta":{"site-sidebar-layout":"no-sidebar","site-content-layout":"plain-container","ast-main-header-display":"","ast-hfb-above-header-display":"","ast-hfb-below-header-display":"","ast-hfb-mobile-header-display":"","site-post-title":"disabled","ast-breadcrumbs-content":"disabled","ast-featured-img":"disabled","footer-sml-layout":"","theme-transparent-header-meta":"enabled","adv-header-id-meta":"","stick-header-meta":"","header-above-stick-meta":"","header-main-stick-meta":"","header-below-stick-meta":""},"yoast_head":"<!-- This site is optimized with the Yoast SEO plugin v18.2 - https:\/\/yoast.com\/wordpress\/plugins\/seo\/ -->\n<title>Agence Web | Cr\u00e9ation de Sites internet &amp; d\u00e9veloppement d&#039;Applications<\/title>\n<meta name=\"description\" content=\"Nous cr\u00e9ons votre site internet pour booster votre visibilit\u00e9 et d\u00e9veloppons vos applications Web et mobiles sur mesure\" \/>\n<meta name=\"robots\" content=\"index, follow, max-snippet:-1, max-image-preview:large, max-video-preview:-1\" \/>\n<link rel=\"canonical\" href=\"https:\/\/oteelo.com\/\" \/>\n<meta property=\"og:locale\" content=\"fr_FR\" \/>\n<meta property=\"og:type\" content=\"article\" \/>\n<meta property=\"og:title\" content=\"Agence Web | Cr\u00e9ation de Sites internet &amp; d\u00e9veloppement d&#039;Applications\" \/>\n<meta property=\"og:description\" content=\"Nous cr\u00e9ons votre site internet pour booster votre visibilit\u00e9 et d\u00e9veloppons vos applications Web et mobiles sur mesure\" \/>\n<meta property=\"og:url\" content=\"https:\/\/oteelo.com\/\" \/>\n<meta property=\"og:site_name\" content=\"Oteelo\" \/>\n<meta property=\"article:publisher\" content=\"https:\/\/www.facebook.com\/Oteelo-115582711059437\" \/>\n<meta property=\"article:modified_time\" content=\"2022-02-23T22:56:07+00:00\" \/>\n<meta property=\"og:image\" content=\"http:\/\/oteelo.com\/wp-content\/uploads\/2021\/04\/wporg-astra.svg\" \/>\n<meta name=\"twitter:card\" content=\"summary_large_image\" \/>\n<meta name=\"twitter:label1\" content=\"Dur\u00e9e de lecture estim\u00e9e\" \/>\n\t<meta name=\"twitter:data1\" content=\"4 minutes\" \/>\n<script type=\"application\/ld+json\" class=\"yoast-schema-graph\">{\"@context\":\"https:\/\/schema.org\",\"@graph\":[{\"@type\":\"Organization\",\"@id\":\"https:\/\/oteelo.com\/#organization\",\"name\":\"Oteelo\",\"url\":\"https:\/\/oteelo.com\/\",\"sameAs\":[\"https:\/\/www.facebook.com\/Oteelo-115582711059437\",\"https:\/\/www.linkedin.com\/company\/81750458\"],\"logo\":{\"@type\":\"ImageObject\",\"@id\":\"https:\/\/oteelo.com\/#logo\",\"inLanguage\":\"fr-FR\",\"url\":\"http:\/\/oteelo.com\/wp-content\/uploads\/2022\/01\/Oteelo-8.png\",\"contentUrl\":\"http:\/\/oteelo.com\/wp-content\/uploads\/2022\/01\/Oteelo-8.png\",\"width\":500,\"height\":500,\"caption\":\"Oteelo\"},\"image\":{\"@id\":\"https:\/\/oteelo.com\/#logo\"}},{\"@type\":\"WebSite\",\"@id\":\"https:\/\/oteelo.com\/#website\",\"url\":\"https:\/\/oteelo.com\/\",\"name\":\"Oteelo\",\"description\":\"D\u00e9veloppement de sites web, applications web et mobiles\",\"publisher\":{\"@id\":\"https:\/\/oteelo.com\/#organization\"},\"potentialAction\":[{\"@type\":\"SearchAction\",\"target\":{\"@type\":\"EntryPoint\",\"urlTemplate\":\"https:\/\/oteelo.com\/?s={search_term_string}\"},\"query-input\":\"required name=search_term_string\"}],\"inLanguage\":\"fr-FR\"},{\"@type\":\"ImageObject\",\"@id\":\"https:\/\/oteelo.com\/#primaryimage\",\"inLanguage\":\"fr-FR\",\"url\":\"http:\/\/oteelo.com\/wp-content\/uploads\/2021\/04\/wporg-astra.svg\",\"contentUrl\":\"http:\/\/oteelo.com\/wp-content\/uploads\/2021\/04\/wporg-astra.svg\"},{\"@type\":\"WebPage\",\"@id\":\"https:\/\/oteelo.com\/#webpage\",\"url\":\"https:\/\/oteelo.com\/\",\"name\":\"Agence Web | Cr\u00e9ation de Sites internet & d\u00e9veloppement d'Applications\",\"isPartOf\":{\"@id\":\"https:\/\/oteelo.com\/#website\"},\"primaryImageOfPage\":{\"@id\":\"https:\/\/oteelo.com\/#primaryimage\"},\"datePublished\":\"2021-03-27T03:20:35+00:00\",\"dateModified\":\"2022-02-23T22:56:07+00:00\",\"description\":\"Nous cr\u00e9ons votre site internet pour booster votre visibilit\u00e9 et d\u00e9veloppons vos applications Web et mobiles sur mesure\",\"breadcrumb\":{\"@id\":\"https:\/\/oteelo.com\/#breadcrumb\"},\"inLanguage\":\"fr-FR\",\"potentialAction\":[{\"@type\":\"ReadAction\",\"target\":[\"https:\/\/oteelo.com\/\"]}]},{\"@type\":\"BreadcrumbList\",\"@id\":\"https:\/\/oteelo.com\/#breadcrumb\",\"itemListElement\":[{\"@type\":\"ListItem\",\"position\":1,\"name\":\"Accueil\",\"item\":\"https:\/\/oteelo.com\/\"},{\"@type\":\"ListItem\",\"position\":2,\"name\":\"Home\"}]}]}<\/script>\n<!-- \/ Yoast SEO plugin. -->","yoast_head_json":{"title":"Agence Web | Cr\u00e9ation de Sites internet & d\u00e9veloppement d'Applications","description":"Nous cr\u00e9ons votre site internet pour booster votre visibilit\u00e9 et d\u00e9veloppons vos applications Web et mobiles sur mesure","robots":{"index":"index","follow":"follow","max-snippet":"max-snippet:-1","max-image-preview":"max-image-preview:large","max-video-preview":"max-video-preview:-1"},"canonical":"https:\/\/oteelo.com\/","og_locale":"fr_FR","og_type":"article","og_title":"Agence Web | Cr\u00e9ation de Sites internet & d\u00e9veloppement d'Applications","og_description":"Nous cr\u00e9ons votre site internet pour booster votre visibilit\u00e9 et d\u00e9veloppons vos applications Web et mobiles sur mesure","og_url":"https:\/\/oteelo.com\/","og_site_name":"Oteelo","article_publisher":"https:\/\/www.facebook.com\/Oteelo-115582711059437","article_modified_time":"2022-02-23T22:56:07+00:00","og_image":[{"url":"http:\/\/oteelo.com\/wp-content\/uploads\/2021\/04\/wporg-astra.svg"}],"twitter_card":"summary_large_image","twitter_misc":{"Dur\u00e9e de lecture estim\u00e9e":"4 minutes"},"schema":{"@context":"https:\/\/schema.org","@graph":[{"@type":"Organization","@id":"https:\/\/oteelo.com\/#organization","name":"Oteelo","url":"https:\/\/oteelo.com\/","sameAs":["https:\/\/www.facebook.com\/Oteelo-115582711059437","https:\/\/www.linkedin.com\/company\/81750458"],"logo":{"@type":"ImageObject","@id":"https:\/\/oteelo.com\/#logo","inLanguage":"fr-FR","url":"http:\/\/oteelo.com\/wp-content\/uploads\/2022\/01\/Oteelo-8.png","contentUrl":"http:\/\/oteelo.com\/wp-content\/uploads\/2022\/01\/Oteelo-8.png","width":500,"height":500,"caption":"Oteelo"},"image":{"@id":"https:\/\/oteelo.com\/#logo"}},{"@type":"WebSite","@id":"https:\/\/oteelo.com\/#website","url":"https:\/\/oteelo.com\/","name":"Oteelo","description":"D\u00e9veloppement de sites web, applications web et mobiles","publisher":{"@id":"https:\/\/oteelo.com\/#organization"},"potentialAction":[{"@type":"SearchAction","target":{"@type":"EntryPoint","urlTemplate":"https:\/\/oteelo.com\/?s={search_term_string}"},"query-input":"required name=search_term_string"}],"inLanguage":"fr-FR"},{"@type":"ImageObject","@id":"https:\/\/oteelo.com\/#primaryimage","inLanguage":"fr-FR","url":"http:\/\/oteelo.com\/wp-content\/uploads\/2021\/04\/wporg-astra.svg","contentUrl":"http:\/\/oteelo.com\/wp-content\/uploads\/2021\/04\/wporg-astra.svg"},{"@type":"WebPage","@id":"https:\/\/oteelo.com\/#webpage","url":"https:\/\/oteelo.com\/","name":"Agence Web | Cr\u00e9ation de Sites internet & d\u00e9veloppement d'Applications","isPartOf":{"@id":"https:\/\/oteelo.com\/#website"},"primaryImageOfPage":{"@id":"https:\/\/oteelo.com\/#primaryimage"},"datePublished":"2021-03-27T03:20:35+00:00","dateModified":"2022-02-23T22:56:07+00:00","description":"Nous cr\u00e9ons votre site internet pour booster votre visibilit\u00e9 et d\u00e9veloppons vos applications Web et mobiles sur mesure","breadcrumb":{"@id":"https:\/\/oteelo.com\/#breadcrumb"},"inLanguage":"fr-FR","potentialAction":[{"@type":"ReadAction","target":["https:\/\/oteelo.com\/"]}]},{"@type":"BreadcrumbList","@id":"https:\/\/oteelo.com\/#breadcrumb","itemListElement":[{"@type":"ListItem","position":1,"name":"Accueil","item":"https:\/\/oteelo.com\/"},{"@type":"ListItem","position":2,"name":"Home"}]}]}},"_links":{"self":[{"href":"https:\/\/oteelo.com\/index.php\/wp-json\/wp\/v2\/pages\/482"}],"collection":[{"href":"https:\/\/oteelo.com\/index.php\/wp-json\/wp\/v2\/pages"}],"about":[{"href":"https:\/\/oteelo.com\/index.php\/wp-json\/wp\/v2\/types\/page"}],"author":[{"embeddable":true,"href":"https:\/\/oteelo.com\/index.php\/wp-json\/wp\/v2\/users\/1"}],"replies":[{"embeddable":true,"href":"https:\/\/oteelo.com\/index.php\/wp-json\/wp\/v2\/comments?post=482"}],"version-history":[{"count":91,"href":"https:\/\/oteelo.com\/index.php\/wp-json\/wp\/v2\/pages\/482\/revisions"}],"predecessor-version":[{"id":761,"href":"https:\/\/oteelo.com\/index.php\/wp-json\/wp\/v2\/pages\/482\/revisions\/761"}],"wp:attachment":[{"href":"https:\/\/oteelo.com\/index.php\/wp-json\/wp\/v2\/media?parent=482"}],"curies":[{"name":"wp","href":"https:\/\/api.w.org\/{rel}","templated":true}]}}